o) be the first derivative of o**2/2 - 7. What is i(4)?
4
Let v(r) = -r**2 + r + 7. Let m(d) = 4*d**3 - d**2 - d - 3. Let k be m(2). Suppose w + k = 2*u + 3*u, -u = -2*w - 1. Calculate v(u).
-13
Let p(y) = -y - 1. Suppose 0 = 6*o - 4 - 26. Determine p(o).
-6
Let w be 0 + 2 - (1 - -4). Let j(q) be the first derivative of -q**4/4 - 4*q**3/3 - q**2 + 4*q - 3. What is j(w)?
1
Let h(d) = -d + 2*d + 2 - 2. Determine h(-1).
-1
Let t(q) = q + 2. Suppose -5*y - 13 = -x, -2*y + 2 = -4*x + 6*x. Let i = -7 + x. Calculate t(i).
-2
Let h(d) be the first derivative of 6 - 3*d - 7/2*d**2 - 1/3*d**3. Determine h(-6).
3
Let l(w) be the first derivative of 1/4*w**4 - 3*w**2 - 6 + 2/3*w**3 - w. Calculate l(-4).
-9
Let b(y) = -7*y**3 - 9*y**2 + 7*y - 13. Let c(q) = -3*q**3 - 4*q**2 + 3*q - 6. Let a(u) = -2*b(u) + 5*c(u). Calculate a(-3).
2
Suppose 4 = -5*r - 6. Let x(a) be the third derivative of -a**5/20 + a**3/3 - 2*a**2. Give x(r).
-10
Let j(x) = -x**3 + 11*x**2 + 14*x - 16. Let p be j(12). Suppose 0 = 4*y - p. Let o(n) = -2*n**2 + 2*n + 2. Determine o(y).
-2
Let y = 4 - 4. Let h(j) = y*j + 4 + 0*j - j + 0*j. Let f(r) = -r**2 - 5*r + 5. Let l be f(-5). What is h(l)?
-1
Suppose -v + o = -4*o + 20, -v + 4*o - 15 = 0. Let f(i) = 2*i**2 + i - i**2 - 17*i - 4 + 12*i. What is f(v)?
1
Let x = 0 + 2. Let y(g) = g - 1. Let d(v) = 3*v + 2. Let o(b) = x*y(b) - d(b). Let z(t) = t**3 - 3*t**2 + t - 2. Let w be z(2). Calculate o(w).
0
Let i(o) = -o**3 - 4*o**2 + 4*o - 5. Suppose 4*n = 5*m - 5 - 25, 2*n = m - 12. What is i(n)?
0
Let i(r) = r**3 - 4*r**2 + 4*r - 3. Suppose 0 = -3*t - 4*u - 6 + 1, -5*t = 5*u. Suppose -8*v = -4*v - 32. Let f = v - t. What is i(f)?
0
Let z(o) = o + 8. Let p(x) = -x**2 + 14*x - 7. Let q be p(14). Let j(r) = r**3 + 3*r - r + 8 + 5*r**2 + 2*r**2. Let i be j(q). Give z(i).
2
Let q(k) = k + 2. Let d be q(-2). Let b(r) = r**3 - 1 + d*r**3 - 5*r - r**2 - 4*r**2. Let p(f) = f**2 - 7*f + 6. Let h be p(7). Give b(h).
5
Suppose 5*d - 1 = 24, -4*d + 23 = -3*i. Let g(k) = -3*k**3 - 1. What is g(i)?
2
Let z(t) = -37*t + 4*t**3 + 38*t + 3 - 3 - t**2. Determine z(1).
4
Let f be ((-2)/6)/((-10)/30). Let x(o) be the first derivative of o**2 - f - 7*o + 1/3*o**3. Give x(-5).
8
Let k = -3 + -1. Let d be (0 - 0)*2/6. Let p(v) = -v**3 + d*v**2 + 5*v - 3*v**2 + 0 + 6. Calculate p(k).
2
Let q(s) be the second derivative of -s**5/30 - s**4/6 - 5*s**3/6 + 2*s. Let c(u) be the second derivative of q(u). Give c(-3).
8
Let b(s) = -5*s + 4 + s**2 + s - 4*s**2 + 2*s**2. Give b(-7).
-17
Let x be ((-3)/(-4))/(2/16). Suppose 2*v = v + x. Let d(s) = -s**2 + 2*s - s - s - v. Calculate d(0).
-6
Let u = -4 + 7. Let m(f) = -2*f**2 - f + 6*f**2 - 2 - u*f**2. Give m(4).
10
Let h(t) = 5*t - 5. Let p be (-16)/(-2) + (-10)/5. Let m(q) = 4*q - 6. Let s(x) = p*m(x) - 5*h(x). Determine s(-5).
-6
Suppose -37*z + 48*z = -33. Let p(m) = 1. Let s(f) = -4*f - 5. Let u(t) = 2*p(t) + s(t). What is u(z)?
9
Let y(p) = p - 2. Let z be -3*3/((-36)/(-8)) + -2. Calculate y(z).
-6
Let f be (-4)/10*(-11 + 1). Let x(l) = l - f + 4. Let b = 2 + -2. What is x(b)?
0
Let c(l) = 2*l**3 - 1. Let r(s) = s - 1. Suppose -5*n - 8 + 23 = 0. Suppose n*u = -u. Let b be r(u). What is c(b)?
-3
Let v(r) = 7*r**3 + 2*r**2 - 1. Let a be (-3 - -5)*(-2)/(-4). Give v(a).
8
Let j(u) = -7*u**2 - 9*u + 8. Let n(p) = -20*p**2 - 26*p + 24. Let b(k) = 17*j(k) - 6*n(k). Calculate b(-6).
10
Let h(o) = -o**3 + 4*o**2 - 4. Let l be (4/(-6))/((-4)/12). Suppose 5*p - 28 = -2*t, -4*t - l*p + p + 20 = 0. Suppose -t*b - 7 + 23 = 0. What is h(b)?
-4
Suppose 3*u = -4*y + 3, 2*y + 0 + 6 = 0. Let m(o) = o - 2. Determine m(u).
3
Let s(a) = 2*a + 4. Suppose 0 = 12*b - 9*b + 12. Let z = 1 - b. Give s(z).
14
Let u(z) = -z**2 - 9*z + 25. Let b be u(-11). Let i(j) = j + 3. Give i(b).
6
Suppose -3*w - 24 = -6. Suppose -64 = -3*a - 13. Let c(q) = 3*q - 23. Let r(t) = t - 8. Let m(h) = a*r(h) + w*c(h). What is m(0)?
2
Let p(l) = 2*l - 1. Let z be 6/(-21) + 46/14. Let m(x) = -5*x + 2. Let v(y) = z*m(y) + 7*p(y). Determine v(-4).
3
Let c(k) = 3*k**3 + 7*k**2 - k - 19. Let v(m) = 2*m**3 + 3*m**2 - m - 10. Let o(x) = 3*c(x) - 5*v(x). What is o(6)?
5
Let x(w) = 4*w - 6. Let s = -73 + 78. Give x(s).
14
Let c(a) = -3*a**3 - 4*a**2 - 1. Let h(s) = -4*s**3 - 5*s**2 + s - 1. Let w(l) = -6*c(l) + 4*h(l). Determine w(-2).
-6
Let f(m) = 5*m + 3. Suppose -z + 1 = -0*z. Let i = z + 0. Let y = i - 3. What is f(y)?
-7
Suppose 5*o = -3*c - 5, 3 = -o - 2*o - 2*c. Let w(a) be the third derivative of -a**6/60 - a**4/12 - a**3/6 + 4*a**2. Give w(o).
3
Let l(u) be the third derivative of u**5/60 - 5*u**4/24 + u**2. Let a(m) = -10*m + 45. Let t be a(4). Give l(t).
0
Let t(c) = c**3 - 8*c**2 + 6*c + 5. Suppose 4*f - 2*m = 24, -39 = f - 6*f - 2*m. Calculate t(f).
-2
Let j(x) = 2*x + 8. Let r(s) = -s**2 + 16*s + 49. Let t be r(19). Calculate j(t).
-8
Suppose 0 = 3*k - k - 4. Let p(f) = -6*f**2 - 3*f - 7. Let g(z) = 7*z**2 + 4*z + 8. Let b = 1 + 4. Let j(s) = b*g(s) + 6*p(s). Give j(k).
-2
Let z(m) = m**3 + 4*m**2 + 3*m - 2. Suppose 2*y - 15 = 4*a + 5, -3 = -3*y - 3*a. Suppose 7*s - y*s = -9. Determine z(s).
-2
Let u(k) = -2*k**3 - 5*k**2 - 3*k. Let m be u(-3). Suppose -2*b + 13 = 3*p - 1, -m = -5*p + 2*b. Let t(z) = z**3 - 3*z**2 - 3*z + 2. Give t(p).
6
Suppose 0 = 4*r - 2*w + 6, w = -2*r - r + 8. Let v(n) = -n + 8 - 4*n - 8. Determine v(r).
-5
Let r(y) = -y**2 + 10*y + 5. Let b be r(9). Let d = 8 - b. Let g(n) = n**3 + 5*n**2 - 6*n - 3. Determine g(d).
-3
Let j be ((-21)/3 + 0)*(-6)/(-7). Let g(n) = -n**3 - 6*n**2 - n + 1. Calculate g(j).
7
Let v(o) be the second derivative of -o**4/24 + 7*o**3/6 + 3*o**2/2 - 2*o. Let r(h) be the first derivative of v(h). Calculate r(3).
4
Let k(x) = 2*x - 2. Let s(b) = -b**3 - b. Let l be s(0). Let r = l - -5. Let n be (-2)/(-10) + 24/r. Calculate k(n).
8
Let u(f) = f**2 + 5*f + 2. Suppose -3*j + 2*j + 2*w = -6, -3*j - 2*w = 22. Calculate u(j).
-2
Let p(w) = 5 + 10 + 2*w - 17. Let r(c) = c**3 - 4*c**2 + 2*c + 1. Let u be r(2). Determine p(u).
-8
Let k(s) = -386 - 4*s + 3*s + 398. Give k(6).
6
Let n(c) = -2*c + 4. Let l(s) be the third derivative of -s**6/120 - s**5/15 + s**4/12 + 2*s**3/3 + 5*s**2. Let b be l(-4). Calculate n(b).
12
Let a(m) be the first derivative of 3*m**2/2 - m + 2. Let f(u) = -u + 4*u + 2 - 3*u - 6*u. Let w(o) = -7*a(o) - 3*f(o). Give w(4).
-11
Let l(i) = 8 - 3*i**2 - 2*i**2 + 4*i**2 - i. Let v be (0 - 1)*0/(-5). Determine l(v).
8
Let o(u) be the first derivative of u**3/6 - 5*u**2/2 + 2*u + 3. Let f(y) be the first derivative of o(y). Give f(5).
0
Let v = 5 - 8. Let w(t) = -t**2 + 3. Give w(v).
-6
Let n(l) = -l**2 - 5*l - 7. Let y be (-130)/25 - (-1)/5. What is n(y)?
-7
Let g(o) = 5*o**3 + 12*o**2 - o + 11. Let s(l) = 4*l**3 + 11*l**2 - 2*l + 10. Let d(q) = -5*g(q) + 6*s(q). Determine d(5).
-5
Let z(h) be the first derivative of -1/2*h**2 + 3*h - 3 - 1/3*h**3. What is z(-3)?
-3
Let h(i) = i - 2. Let b be h(0). Let u(m) = m**2 + 3*m + 3. Determine u(b).
1
Let f(d) = -d**2. Let t(w) = 7*w**2 - w. Let k(a) = 5*f(a) + t(a). What is k(-1)?
3
Let w(n) = -5*n**2 + 10*n + 2. Let c(s) = -4*s**2 + 10*s + 3. Let v(z) = 6*c(z) - 5*w(z). Calculate v(-9).
-1
Let x = -4 - -8. Suppose a - 10 = -x*a. Let f(c) = 5 + 4 - 1 - 4 + c**3 + c - 3*c**a. Give f(3).
7
Let k(a) = -2*a - 2. Let n(s) = s + 1. Let j(p) = 6*k(p) + 11*n(p). Suppose -2*c - i = 3*c - 7, -4*c - 2 = -3*i. What is j(c)?
-2
Let g = -6 + 6. Let q = g - 1. Let r(d) = -4*d - 1. Determine r(q).
3
Let h(n) = n + 6. Let w(g) = 3. Let z(d) = 3*h(d) - 5*w(d). Calculate z(-4).
-9
Let m(x) = -7*x + x + 5*x - 6 + 3*x. Give m(5).
4
Let i(o) = o**2 + 5*o - 2. Let b(c) = 3*c**3 - c**2 + c. Let u be b(1). Suppose -u*w = -7*w - 16. Calculate i(w).
-6
Let d(f) = f**2 + 1. Suppose 4*h - 5*l + 5 = -h, 0 = 3*h - 5*l + 5. What is d(h)?
1
Let h(s) be the second derivative of s**5/20 - s**4/6 - s**3/3 - s**2 + s. Suppose 18 = -5*v + 33. What is h(v)?
1
Let y(w) = -3*w + 4. Let t(k) = k**2 + 7*k + 3. Let b be t(-6). Give y(b).
13
Let x(d) = -2*d**2 + 2*d + 4. Let f(l) = -l**3 - 3*l**2 - l. Let n be f(-2). Let h be n*(1/2 - 2). What is x(h)?
-8
Let z(u) = -u**3 - 6*u**2 + 3 - 5 + 3 + 6 + u. Calculate z(-6).
1
Let h(y) be the first derivative of -y**2 - 2/3*y**3 - 2 - y. What is h(2)?
-13
Suppose -4*y